by (-42)/(-8) - (-5)/(-20)?
3
Suppose -r + a + 140 = 2*r, r - 56 = -2*a. Let q = 306 - 289. Calculate the remainder when r is divided by q.
14
Let u = 2 + 2. Calculate the remainder when (1*9)/((-582)/(-2134)) is divided by u.
1
Let g = 9 - -22. What is the remainder when g is divided by 8?
7
Let g(q) = 4*q**2 + 2. Suppose -2*j + 4*a + 32 = 0, 4 = j - 4*a - a. Let o = 34 - j. Calculate the remainder when g(-2) is divided by o.
8
Let w = 36 - 15. Let j = w + 29. What is the remainder when j is divided by 13?
11
Suppose -3*i + 207 = 69. Suppose 0 = -3*t + t + i. What is the remainder when t is divided by ((-24)/10)/(1/(-5))?
11
Let n = -20 + -5. Let r = n + 42. What is the remainder when r is divided by 1/(-2) + 114/12?
8
Suppose -4*u - 30 = -9*u. Let m = -5 + 7. Calculate the remainder when m/3*(-1386)/(-44) is divided by u.
3
Calculate the remainder when (-1)/(21/(-1416)) - (-3)/(-7) is divided by 8/10*(-340)/(-8).
33
Suppose -4*k + 4*r + 12 = 0, 3*k + k - 17 = -r. Suppose k*o - 22 = 2*o. What is the remainder when 39 is divided by o?
6
Calculate the remainder when 409 is divided by ((-69)/(-12))/(3/36).
64
Suppose 308 + 2794 = 47*n. Calculate the remainder when 130 is divided by n.
64
Let p(w) = -2*w**2 - w + 2. Let x be 20/(-15)*(-6)/4. Let m be p(x). Calculate the remainder when 3 is divided by (-5)/(-20) - 6/m.
0
Let m(h) = 7*h - 11. Let u be m(14). Suppose 5*n - u = 38. What is the remainder when 49 is divided by n?
24
Let n = -32 - -33. Let a(b) = n + 0 - 7 + 2 + b. Calculate the remainder when a(7) is divided by 1.
0
Suppose 0 = -3*q - 5*f + 47 + 95, -4*q = 4*f - 176. What is the remainder when 124 is divided by q?
7
Let f = 11 - 8. Let i(y) = -4*y - 9. Let g be i(-6). Suppose -f*s + 18 = -g. What is the remainder when 20 is divided by s?
9
Let t(k) = -k**3 + 11*k**2 - 5*k - 30. What is the remainder when 52 is divided by t(10)?
12
Suppose 2*u - 7*u = -10. Suppose 0 = t + l - 217, 2*t - 5*l + u*l = 419. Calculate the remainder when t is divided by 18.
16
Suppose -7*n = -131 - 289. Calculate the remainder when n is divided by 13.
8
Suppose 0*d - 1 = -d. Let l = -10 + d. What is the remainder when 3 + (2 - l) + 2 is divided by 9?
7
Suppose 0 = 3*h - p - 133, -p + 82 = 3*h - 55. Suppose -36 = -3*i + h. Let l = -190 - -204. Calculate the remainder when i is divided by l.
13
Let j(c) = -5*c - 7. Suppose -70 = -2*o - 3*o. What is the remainder when j(-9) is divided by o?
10
Let r be 11/(9/5 + -2). Let l = r + 105. What is the remainder when l is divided by (2 - 3)*-26 + 1?
23
Let v = -831 - -854. What is the remainder when 24 is divided by v?
1
Suppose 4*j - 204 = 5*n, 3*j + n - 153 = -0*j. What is the remainder when 199 is divided by j?
46
Let r be ((-40)/18*3)/((-12)/(-36)). Let p = r + 107. Calculate the remainder when p is divided by 22.
21
Let u(o) = o**3 - 12*o**2 - 13*o + 6. Let h be u(13). Suppose -82 - 50 = -h*f. What is the remainder when f is divided by 2*-1 - (-7 + -1)?
4
Let j = 262 + -234. What is the remainder when 114 is divided by j?
2
What is the remainder when ((-117)/(-12))/(105/19180) is divided by 21?
17
Let n = -79 - -102. What is the remainder when 156 is divided by n?
18
Suppose -3*v + 1 = -11. Suppose t = v*t - 63. Calculate the remainder when 62 is divided by t.
20
Let r = -812 + 1306. What is the remainder when r is divided by 11?
10
Let o(s) = 102*s - 1. Let l be o(1). Let h = 141 - l. Suppose 0 = 17*g - 11*g - 126. What is the remainder when h is divided by g?
19
Let g(k) = k**3 + 7*k**2 + 6*k + 4. Calculate the remainder when g(-3) is divided by 12.
10
Let k be (-20)/(-110) - 4/22. Suppose 4*d - 14 + 2 = k. Suppose 4*v = 2*l - 22, -d*l + 33 = v + 4*v. Calculate the remainder when 19 is divided by l.
8
Suppose -d + r + 290 = 2*d, 5*r = -d + 102. What is the remainder when d is divided by 35?
27
Let q(m) = 4*m**3 + 43*m**2 + 12*m + 6. What is the remainder when q(-10) is divided by 11?
10
Let u = -113 - -118. Suppose 0 = -10*d + 5*d - u*r + 390, -2*d - 4*r = -160. What is the remainder when d is divided by 13?
11
Let a(u) = u**2 + 3*u + 2. Let l(g) = g**2 - 6*g - 2. Let k be l(-4). Calculate the remainder when a(4) is divided by k/5 + 10/25.
6
Suppose -482 + 102 = -10*a. Calculate the remainder when a is divided by 7.
3
Suppose 3*g - 3*b = 174 + 36, 0 = -3*g - b + 202. Calculate the remainder when g is divided by 53.
15
Let u = -50 - -28. Let p be (-4)/u + 608/44. What is the remainder when ((-2)/(-3))/(p/693) is divided by 12?
9
Let b(a) = 18*a**3 + a - 1. Let y be (-6)/(-2)*12/36. Let i be b(y). Suppose 2*j - j - i = 0. What is the remainder when 52 is divided by j?
16
Let b(x) = 12*x + 14. What is the remainder when b(11) is divided by 44?
14
Let l = -138 - -190. Calculate the remainder when 104 is divided by l.
0
Let w(j) = -10*j**2 + 3*j + 3. Let y be w(4). Let g = y + 282. Suppose s + 106 = 2*a, -a + 4*a - g = -4*s. Calculate the remainder when a is divided by 9.
6
Suppose 6*n = -45 + 9. Let z be (-4)/n*(-252)/12. What is the remainder when 2 is divided by ((-4)/(-6))/(z/(-21))?
0
Let a = -2303 - -2315. Calculate the remainder when 285 is divided by a.
9
Suppose -20 = 4*j - 28. Let d(g) = -11*g - 2. Let t be d(-2). Let q = t - 13. Calculate the remainder when q is divided by j.
1
Let d be (12/(-6) + -17)*(-5 - -1). Suppose -2*g + 184 = -4*b, g = -0*b - 2*b + d. What is the remainder when g is divided by 29?
26
Suppose d - 5 = -2. Suppose 8*n = -b + d*n, -4*b = -n - 42. Let w = 1926 - 1889. What is the remainder when w is divided by b?
7
Calculate the remainder when -2*(-4210)/20*1 is divided by 106.
103
Suppose 145*q + 1508 = 158*q. What is the remainder when q is divided by 46?
24
Let z be ((-6)/(-3) - 5) + 3. What is the remainder when 38*1 + 3/(-3) is divided by (0/3 - z) + 19?
18
Calculate the remainder when 105 + (2 - 0)*15/(-6) is divided by 34.
32
Let l(u) = u**3 - 9*u**2 + 4*u - 5. Let f(g) = 2*g**3 - 17*g**2 + 7*g - 10. Let b(n) = 4*f(n) - 7*l(n). Calculate the remainder when 58 is divided by b(6).
27
Let k = -820 - -829. Calculate the remainder when 147 is divided by k.
3
Let q = 49 + -23. Calculate the remainder when 44 is divided by q.
18
Suppose 0*k - 3451 = -17*k. Calculate the remainder when k is divided by 74.
55
Suppose -5*k - 3*l = -2*l + 4, 0 = -4*k + 3*l + 12. Suppose -4*m + 0*m + 12 = k. What is the remainder when ((-82)/3)/((-2)/m) is divided by 14?
13
Let o(p) = -2*p**3 + 2*p**2 + 9*p + 5. Let n be o(-3). Suppose n*g = 45*g + 60. What is the remainder when g is divided by 2?
0
Suppose -60 = -5*u + 5*l, -u - u + l = -24. Let k = u - 18. Calculate the remainder when 18 is divided by (-5)/(0 - (-3)/k).
8
Suppose 20 = 5*d, -3*w + d = -d - 61. Let x = w - 10. What is the remainder when 49 is divided by x?
10
Let t = 603 + -582. What is the remainder when 33 is divided by t?
12
Suppose -5*i + 26 - 6 = 0. Let w = -400 + 449. What is the remainder when w is divided by (39/6)/(2/i)?
10
Suppose 0 = 2*q + i - 65, -15 + 35 = -4*i. Calculate the remainder when 136 is divided by q.
31
Let d(y) = -y**3 - y**2 - y + 1. Suppose 20 - 68 = 6*g. Let q = -11 - g. Calculate the remainder when d(q) is divided by 13.
9
Calculate the remainder when (-1 + (-15)/(-6))*(-272)/(-6) is divided by 12.
8
Suppose 3*x + 5*h - 190 = 0, -18*h + 19*h = -2*x + 122. What is the remainder when x is divided by 23?
14
Let g = 826 - 751. Calculate the remainder when g is divided by 18.
3
Let n = -661 - -669. Calculate the remainder when 144 is divided by n.
0
Let x be ((-3)/((-15)/2))/((-4)/(-20)). Suppose -2*t = -j + 1, -5*j - x*t - 2*t = -47. Calculate the remainder when 25 is divided by j.
4
Let w(q) = q**3 - 11*q**2 - 19*q + 7. What is the remainder when w(13) is divided by 39?
20
Let v(h) = 5*h + 211. What is the remainder when 484 is divided by v(-30)?
57
Let q(h) = 2*h - 12. Let p be q(9). Suppose g + p = 25. Suppose -7*d = -99 - 293. What is the remainder when d is divided by g?
18
Let k(m) = -3*m + 33. Calculate the remainder when 10 is divided by k(9).
4
Let b = 268 + -167. What is the remainder when b is divided by 51?
50
Let y = 129 - 127. Suppose 0 = y*l - 80 + 42. What is the remainder when 1/(-3) - (-337)/3 is divided by l?
17
Let z(u) = -7*u**2 + 211*u - 10. Calculate the remainder when z(30) is divided by 